 d?
2, 3
Suppose -4*q - q = 0. What are the prime factors of 0 - q - -2 - (-1572)/6?
2, 3, 11
List the prime factors of (-1)/(-2) + (-86651)/(-146).
2, 3, 11
Suppose 3*d = 4*d. Suppose 0 = -p - 3*h + 117, -2*h - 538 = -4*p - d*h. What are the prime factors of p?
2, 3, 11
List the prime factors of 608556/273 + 18/21.
2, 5, 223
Suppose -3*b = 0, -2*c + 10 = 3*c - b. Let f(d) = 3*d - 2*d**2 + d**2 + 5*d**2 - d**c - 1. What are the prime factors of f(-4)?
5, 7
Suppose 0 = 5*n - 3*t + 27 - 78, t = -3*n + 39. Suppose 0 = n*x - 13*x + 165. What are the prime factors of x?
3, 5, 11
Let p(o) = 4*o - 34. Let x = 170 - 157. List the prime factors of p(x).
2, 3
Suppose 6*b - 1 - 17 = 0. Suppose b*o = 27 + 63. What are the prime factors of o?
2, 3, 5
Suppose k - 1432 = -144. List the prime factors of k.
2, 7, 23
Let n(l) = 2*l**2 + 7*l - 2. Let r be n(-5). Let y = r - 15. List the prime factors of 2 - (-18 + (-6 - y)).
2, 3
Let y(a) = 2*a**2 - 2*a - 2. Let s be y(2). Suppose -5*j - 10 = -3*p, 3 - 25 = -s*j - 4*p. List the prime factors of (8/(-1))/(j/(-2)).
2
Suppose -65 = 3*p - 1292. List the prime factors of p.
409
Let o be ((-24)/30)/(1/(-565)). Suppose -5*h - 62 + o = 0. What are the prime factors of h?
2, 3, 13
What are the prime factors of 4 + ((-83410)/152)/((-1)/4)?
3, 733
Let l(q) = 48*q + 20. Let u be l(20). Suppose 1 = -g - 3, 4*b - 2*g = u. What are the prime factors of b?
3
Suppose -11*r - 5*r + 11152 = 0. List the prime factors of r.
17, 41
List the prime factors of (14/(-28))/(17645/5882 - 3).
17, 173
Suppose -5*y = -b + 245, 4*y = -5*b - y + 1165. What are the prime factors of b?
5, 47
Suppose 5*y - 2*p = 13442, -y - 4*p = -5*y + 10756. List the prime factors of y.
2, 3, 7
Let t(u) = 11*u - 1. Let d be t(9). Let n be (-56)/d*(0 - 7). Let r(k) = 8*k - 6. List the prime factors of r(n).
2, 13
Let t = 82 - 80. Let z = -4 + 4. Suppose x - t*x + 16 = z. What are the prime factors of x?
2
Let u(p) = 6*p**2 + 2*p - 2. Let y = 3 - 5. Let m be u(y). Let d = 39 - m. List the prime factors of d.
3, 7
Suppose -7410 = -22*t + 16*t. What are the prime factors of t?
5, 13, 19
Let z(a) = 2*a**2 - 3*a + 2*a**2 + a + 6*a + 2. What are the prime factors of z(-2)?
2, 5
Suppose -z - 22 = -3*j, 70 = -3*z - j + 14. Let y be 13 - 10 - (-1 - z). Let h = y - -29. List the prime factors of h.
2, 7
Suppose 2*p + 17 - 89 = 0. List the prime factors of (1 - 2 - p)*(7 + -9).
2, 37
Let x(k) = 10*k + 37. Let q be x(-14). Let s = 127 + q. List the prime factors of s.
2, 3
Let q = 370 - -498. What are the prime factors of q?
2, 7, 31
Suppose 28*d = 36*d - 7832. List the prime factors of d.
11, 89
Suppose 4*s - 16 - 4 = 2*a, 5*s = 4*a + 25. What are the prime factors of s?
5
Let u = 4 + 0. Let c(r) = u + 9*r**3 - 19*r**3 + 9*r**3 + 3*r. What are the prime factors of c(-3)?
2, 11
Suppose -2*o + 155 = -r, o - 4*r = -0*o + 95. Let j = 201 - o. Suppose -3*n + j = 4*q, 4*q + 26 = -n + 68. List the prime factors of n.
2, 3, 7
Suppose 0 = -s - 8*s. List the prime factors of 1*(-2)/(-2)*(221 - s).
13, 17
Let u be 6/2 + 30/6 + 57. Suppose 0 = -q + u - 24. What are the prime factors of q?
41
Suppose -11*i - 294 = -4*i. Let q be 474/4*4/(-6). Let t = i - q. What are the prime factors of t?
37
List the prime factors of 778 + -8 + 9 - 1*3.
2, 97
Let r(c) be the first derivative of -1/3*c**3 + c - 5 + 7/2*c**2. List the prime factors of r(4).
13
Let y be (7 - 4 - 2) + 13. Let v = -29 + y. List the prime factors of (-6)/v + (-38)/(-5).
2
Let d = 76 - 128. Let p = -18 - d. List the prime factors of p.
2, 17
Let m be -20*(-4 + 9/3). Suppose -4*u + 2*c - 196 = 74, 4*c = m. Let w = -6 - u. List the prime factors of w.
59
Let u(r) = r**3 + 6*r**2 - 3*r - 8. Let q be u(-6). Let g be (10/q)/(2/454). Suppose -2*a = 4*h + 63 - g, -4*a + 211 = 5*h. What are the prime factors of h?
3, 13
Let l be 49/28*4*2. Let s be (-51)/5 - 15/(-75). Let p = s + l. What are the prime factors of p?
2
Let k be (-2 - -4)/((-4)/(-18)). Let d = 11 - k. What are the prime factors of (d/(-3))/(2/(-6))?
2
Let u(o) = 2*o + 10. Let w be u(-5). Suppose n - 3*k = 4, -4*k - 8 = -2*n - w*n. List the prime factors of n.
2
Let i = 251 + -24. Suppose -3*q = -340 - i. List the prime factors of q.
3, 7
Suppose 3*g - 17 - 4 = 0. Suppose -g*s = 1221 - 213. Let w = 218 + s. What are the prime factors of w?
2, 37
Let x be (-36)/45 - 2758/(-10). Suppose 10*p - 5*w + 181 = 13*p, 5*w + x = 5*p. What are the prime factors of p?
3, 19
Let d(o) be the first derivative of o**4/4 + 10*o**3/3 + 7*o**2/2 + 2*o - 4. Let j be d(-8). Let h = j + -17. List the prime factors of h.
3, 19
Let h be (0/(4 + -6))/1. Suppose h*r = -2*r - 28. Let p = r + 36. List the prime factors of p.
2, 11
Let h = -207 + 622. List the prime factors of h.
5, 83
Let w be (-15)/(-1*4/40). Suppose -4*n = y + 2*y - 127, 5*y + w = 5*n. List the prime factors of n.
31
Let o = 0 - 9. Let z = 33 - o. What are the prime factors of z?
2, 3, 7
Suppose l = -31*l + 26656. List the prime factors of l.
7, 17
Let n = -30 + -7. Let z = n - -44. What are the prime factors of z?
7
Suppose -4*v - 120 = -7*v. Let q = v - 30. List the prime factors of q.
2, 5
Suppose 3721 = 7*w - 3440. List the prime factors of w.
3, 11, 31
Suppose -4*u + 4 = 2*m, 6*u - 3 = u - 3*m. Let x be (-40)/(-45)*72/16. Suppose -2 = -o + u, 200 = x*p + 4*o. List the prime factors of p.
3, 5
Let i(z) = 2*z - 10. Let y be i(7). Suppose 0*g - 64 = 5*m - g, -y*g = -16. Let q = m - -28. What are the prime factors of q?
2
Let i = -16 + 18. Let l be 57/(-6)*i*3. Let t = l - -91. What are the prime factors of t?
2, 17
Suppose 4*r = 3*h - 187, 8*r - 4*r - 2*h + 182 = 0. Let u(t) = 2*t**2 + 19*t + 22. Let a be u(-12). Let y = r + a. List the prime factors of y.
3, 13
Let f = -426 + 997. Suppose 0 = -8*w - 51 + f. What are the prime factors of w?
5, 13
Suppose p + r - 4 = -10, 3*p + r = -10. What are the prime factors of (p/((-24)/18))/((-6)/(-668))?
167
Let h = -495 + 501. Suppose -24 = -2*c - 2*m - 2*m, -2*m - 8 = -4*c. Suppose -6*k = -c*k - h. What are the prime factors of k?
3
Let t = 36 + -28. What are the prime factors of 790/t + (-1 - (-10)/8)?
3, 11
Suppose 27232 + 22146 = 14*y. What are the prime factors of y?
3527
What are the prime factors of 64/(-8) - -7 - -118?
3, 13
Let w = 299 + 41. What are the prime factors of w?
2, 5, 17
Suppose 36 = 5*d - 2*f, -3*d + 4*f + 24 = -d. Let r(y) = -10 - 7*y - d*y + 6. What are the prime factors of r(-2)?
2, 11
Let r = 178 + -72. List the prime factors of r.
2, 53
Suppose -41*g + 36*g = -10100. List the prime factors of g.
2, 5, 101
Suppose -2*r - 5*c = -1415, 946 + 1124 = 3*r - 3*c. What are the prime factors of r?
5, 139
Let w(n) = 52*n**2 - 4*n + 30. What are the prime factors of w(-5)?
2, 3, 5
Suppose 2*y - 2767 = -2*x + 541, y - 1652 = x. List the prime factors of y.
3, 19, 29
Suppose 0 = 3*j - 2*y - 2 - 11, 2*y + 7 = j. Suppose -330 = -j*m - 8*m. List the prime factors of m.
2, 3, 5
Suppose -y - 3*r + 6 - 3 = 0, -4*y + 3*r = -27. List the prime factors of 2*1/(y + -4) + 129.
2, 5, 13
Suppose 2*v - 236 = -3*y + 2280, 0 = 4*v + 4*y - 5024. What are the prime factors of v?
2, 313
Suppose -3*z - z - 12 = 0. Let p(d) = -d**2 - d + 1. Let n be p(z). Let s = n + 14. What are the prime factors of s?
3
Suppose -166*n - 3072 = -172*n. What are the prime factors of n?
2
List the prime factors of 123/(-1 + 25/10).
2, 41
Suppose 0 = 4*g + 4*z + 56, 5 = 5*z - 0. Let i = g + 26. List the prime factors of i.
11
Let i = -41 - -45. Suppose 4*j = -i*b + 144, 0 = -4*j + 9 - 1. List the prime factors of b.
2, 17
Let f(i) = 53*i - 34. Let z be f(-11). Let h = z - -888. List the prime factors of h.
271
Suppose -4*b + 9 = -2*g - 9, 6 = -3*b - 5*g. Suppose -13 + 232 = b*r. Suppose 3*q - r = 20. List the prime factors of q.
31
Suppose 4*r = j + 747 + 166, 4*r - 907 = 3*j. What are the prime factors of r?
229
Let k(j) = -20*j - 4. Let b be -1*7 - (-6 - -4). Let v be k(b). Suppose -3*f + v = -f. List the prime factors of f.
2, 3
Let z(w) = 2*w**3 + w**2 - 3*w**3 + 9 - w - 4*w**3 - 10*w. Let t(y) = y**3 - y**2 + y - 1. Let p(r) = 6*t(r) + z(r). List the prime factors of p(6).
3
Let a = 385 - 189. Let y = 374 - a. What are the prime factors of y?
2, 89
Let d(k) = k**2 - 15. Let w(a) = -3*a - 8. Let v be w(